{"id":1053,"date":"2024-05-16T15:59:19","date_gmt":"2024-05-16T13:59:19","guid":{"rendered":"https:\/\/www.padigitale.it\/urbismart\/?page_id=1053"},"modified":"2024-11-08T12:08:27","modified_gmt":"2024-11-08T11:08:27","slug":"partner-tecnologico-pnrr","status":"publish","type":"page","link":"https:\/\/www.padigitale.it\/urbismart\/partner-tecnologico-pnrr\/","title":{"rendered":"Partner tecnologico PNRR"},"content":{"rendered":"<div class=\"wpb-content-wrapper\"><p>[vc_row pix_particles_check=&#8221;&#8221;][vc_column][vc_column_text]<\/p>\r\n<p><strong>Nato con l\u2019obiettivo di<\/strong> <strong>promuovere la trasformazione digitale e i processi produttivi, supportando gli investimenti per l\u2019innovazione del Paese<\/strong>, <strong>il PNRR \u00e8 lo strumento che, grazie ai fondi del Next Generation Europe EU (NGEU), prevede un\u2019azione ingente di investimenti in risposta alla crisi pandemica per dare una forte accelerazione della digitalizzazione degli enti<\/strong>.<\/p>\r\n<p>Digitale, ambiente, inclusione sono gli assi strategici del PNRR la cui <strong>Missione 1-Digitalizzazione, innovazione e sicurezza nella PA<\/strong> sostiene in maniera determinante la strategia di digitalizzazione, erogando finanziamenti per progetti specifici, concepiti in armonia con le disposizioni del CAD e di tutte le altre normative e linee guida pubblicate.<\/p>\r\n<p>Sulla stessa linea di innovazione, si colloca il <strong>Piano Triennale per l\u2019Informatica 2024-2026 il documento di programmazione strategica per la PA<\/strong> che, ribadendo obiettivi e consolidando azioni e progetti previsti dal PNRR, insiste sul monitoraggio dei risultati e riprende un approccio fortemente orientato ai servizi digitali, alla loro interoperabilit\u00e0, usabilit\u00e0 e accessibilit\u00e0 da parte dei cittadini e delle imprese.<\/p>\r\n<p>I principi guida <strong><em>digital &amp; mobile first per i servizi, cloud first<\/em><\/strong>, <strong><em>inclusione e accessibilit\u00e0 dei servizi, interoperabilit\u00e0, sicurezza e privacy by design, user-centric, data driven e agile<\/em><\/strong> (servizi digitali in miglioramento continuo, basandosi sull\u2019esperienza utenti e la misurazione di prestazioni e utilizzo), <strong><em>once only, dati pubblici come bene comune e riuso<\/em><\/strong>, restano le direttrici lungo cui sviluppare le attivit\u00e0 di transizione al digitale della PA.<\/p>\r\n<p>PA Digitale, partner tecnologico qualificato per gli enti, grazie agli studi dell\u2019Osservatorio Normativo (di frequente presente ai tavoli di lavoro istituzionali) e insieme al Team di risorse specificatamente dedicate al PNRR, <strong>accompagna i Clienti con professionalit\u00e0 e competenza lungo tutto il percorso previsto dai progetti finanziati dal PNRR<\/strong>: dall\u2019analisi delle esigenze e degli obiettivi dell&#8217;Ente, al percorso di candidatura e al processo amministrativo sulla piattaforma Pa digitale 2026, al piano di attivazione delle soluzioni e dei servizi oggetto del contributo e nei processi di integrazione con le grandi piattaforme nazionali pagoPA, IO app, CIE, SPID, PDND, SEND, SUE\/SUAP\u2026<\/p>\r\n<p>&nbsp;<\/p>\r\n<p class=\"has-text-color has-link-color has-medium-font-size\" style=\"color: #b92b2b;font-style: normal;font-weight: 600\"><!-- \/wp:post-content --><\/p>\r\n<p align=\"justify\"><!-- wp:paragraph \/--><\/p>\r\n<p>[\/vc_column_text][\/vc_column][\/vc_row][vc_row pix_particles_check=&#8221;&#8221;][vc_column]<div class=\"pix-content-box card      vc_custom_1731063712370    rounded-10 shadow shadow-hover bg- text-center  w-100  \"   ><div class=\"\" style=\"z-index:30;position:relative;\"><a href=\"https:\/\/www.padigitale.it\/urbismart\/riforma-accrual\/\" ><div id=\"1722435732922-6ad399f3-ac7c\" class=\"pix-feature-el text-center  vc_custom_1731063758193\"><div class=\"d-inline-block mw-100 text-white \"   style=\"width:54px;aspect-ratio:1\/1 !important;position:relative;line-height:54px;text-align:center;\"><span style=\"display:inline-block;font-size:30px;line-height:30px;\"><svg width=\"100%\" height=\"100%\" viewBox=\"0 0 24 24\" version=\"1.1\" xmlns=\"http:\/\/www.w3.org\/2000\/svg\" xmlns:xlink=\"http:\/\/www.w3.org\/1999\/xlink\"> <defs><\/defs> <g stroke=\"none\" stroke-width=\"1\" fill=\"none\" fill-rule=\"evenodd\"> <rect id=\"Rectangle-189-Copy\" fill=\"#000000\" opacity=\"0.3\" x=\"7\" y=\"4\" width=\"10\" height=\"4\"><\/rect> <path d=\"M7,2 L17,2 C18.1045695,2 19,2.8954305 19,4 L19,20 C19,21.1045695 18.1045695,22 17,22 L7,22 C5.8954305,22 5,21.1045695 5,20 L5,4 C5,2.8954305 5.8954305,2 7,2 Z M8,12 C8.55228475,12 9,11.5522847 9,11 C9,10.4477153 8.55228475,10 8,10 C7.44771525,10 7,10.4477153 7,11 C7,11.5522847 7.44771525,12 8,12 Z M8,16 C8.55228475,16 9,15.5522847 9,15 C9,14.4477153 8.55228475,14 8,14 C7.44771525,14 7,14.4477153 7,15 C7,15.5522847 7.44771525,16 8,16 Z M12,12 C12.5522847,12 13,11.5522847 13,11 C13,10.4477153 12.5522847,10 12,10 C11.4477153,10 11,10.4477153 11,11 C11,11.5522847 11.4477153,12 12,12 Z M12,16 C12.5522847,16 13,15.5522847 13,15 C13,14.4477153 12.5522847,14 12,14 C11.4477153,14 11,14.4477153 11,15 C11,15.5522847 11.4477153,16 12,16 Z M16,12 C16.5522847,12 17,11.5522847 17,11 C17,10.4477153 16.5522847,10 16,10 C15.4477153,10 15,10.4477153 15,11 C15,11.5522847 15.4477153,12 16,12 Z M16,16 C16.5522847,16 17,15.5522847 17,15 C17,14.4477153 16.5522847,14 16,14 C15.4477153,14 15,14.4477153 15,15 C15,15.5522847 15.4477153,16 16,16 Z M16,20 C16.5522847,20 17,19.5522847 17,19 C17,18.4477153 16.5522847,18 16,18 C15.4477153,18 15,18.4477153 15,19 C15,19.5522847 15.4477153,20 16,20 Z M8,18 C7.44771525,18 7,18.4477153 7,19 C7,19.5522847 7.44771525,20 8,20 L12,20 C12.5522847,20 13,19.5522847 13,19 C13,18.4477153 12.5522847,18 12,18 L8,18 Z M7,4 L7,8 L17,8 L17,4 L7,4 Z\" fill=\"#000000\"><\/path> <\/g> <\/svg><\/span><\/div><div class=\"font-weight-bold    \" style=\"color:#ffffff !important;font-size:24;\"  >Riforma ACCRUAL - Gestisci il cambiamento con efficacia e in sicurezza<\/div><div class=\"text-text-gray      \" style=\"padding-top:24px;\"  ><\/div><\/div><\/a><\/div><\/div>[\/vc_column][\/vc_row][vc_row pix_particles_check=&#8221;&#8221;][vc_column width=&#8221;1\/4&#8243;]<div class=\"pix-content-box card      vc_custom_1715855736543    rounded-10 shadow shadow-hover bg- text-center  w-100  \"   ><div class=\"\" style=\"z-index:30;position:relative;\"><a href=\"https:\/\/www.padigitale.it\/urbismart\/anpr-ansc-digitalizzazione-liste-elettorali\/\" ><div id=\"1731062996599-9012e6e4-ef07\" class=\"pix-feature-el text-center \"><div class=\"feature_img \"   style=\"\"><img decoding=\"async\" style=\"width:;height:;\" class=\"img-fluid2 pix-fit-cover2 pix-fit-contain  \" src=\"https:\/\/www.padigitale.it\/urbismart\/wp-content\/uploads\/sites\/2\/2024\/07\/Post-Social_ANSC-e1722436030723.jpg\" alt=\"Subentro ANSC\"><\/div><div class=\"font-weight-bold    \" style=\"color:#495057 !important;font-size:16;\"  >Subentro ANSC<\/div><div class=\"text-text-gray      \" style=\"padding-top:24px;\"  ><\/div><\/div><\/a><\/div><\/div>[\/vc_column][vc_column width=&#8221;1\/4&#8243;]<div class=\"pix-content-box card      vc_custom_1715855736543    rounded-10 shadow shadow-hover bg- text-center  w-100  \"   ><div class=\"\" style=\"z-index:30;position:relative;\"><a href=\"https:\/\/www.padigitale.it\/urbismart\/piattaforma-digitale-nazionale-dati-pdnd\/\" ><div id=\"1731062996657-0346af50-f5d9\" class=\"pix-feature-el text-center \"><div class=\"feature_img \"   style=\"\"><img decoding=\"async\" style=\"width:;height:;\" class=\"img-fluid2 pix-fit-cover2 pix-fit-contain  \" src=\"https:\/\/www.padigitale.it\/urbismart\/wp-content\/uploads\/sites\/2\/2024\/05\/PDND.png\" alt=\"Piattaforma Digitale Nazionale Dati PDND\"><\/div><div class=\"font-weight-bold    \" style=\"color:#495057 !important;font-size:16;\"  >Piattaforma Digitale Nazionale Dati PDND<\/div><div class=\"text-text-gray      \" style=\"padding-top:24px;\"  ><\/div><\/div><\/a><\/div><\/div>[\/vc_column][vc_column width=&#8221;1\/4&#8243;]<div class=\"pix-content-box card      vc_custom_1715855736543    rounded-10 shadow shadow-hover bg- text-center  w-100  \"   ><div class=\"\" style=\"z-index:30;position:relative;\"><a href=\"https:\/\/www.padigitale.it\/urbismart\/piattaforma-notifiche-digitali-send\/\" ><div id=\"1731062996714-c9bde491-6578\" class=\"pix-feature-el text-center \"><div class=\"feature_img \"   style=\"\"><img decoding=\"async\" style=\"width:;height:;\" class=\"img-fluid2 pix-fit-cover2 pix-fit-contain  \" src=\"https:\/\/www.padigitale.it\/urbismart\/wp-content\/uploads\/sites\/2\/2024\/05\/SEND3.png\" alt=\"Piattaforma Notifiche Digitali SEND\"><\/div><div class=\"font-weight-bold    \" style=\"color:#495057 !important;font-size:16;\"  >Piattaforma Notifiche Digitali SEND<\/div><div class=\"text-text-gray      \" style=\"padding-top:25px;\"  ><\/div><\/div><\/a><\/div><\/div>[\/vc_column][vc_column width=&#8221;1\/4&#8243;]<div class=\"pix-content-box card      vc_custom_1715856824343    rounded-10 shadow-sm shadow-hover-sm bg- text-center  w-100  \"   ><div class=\"\" style=\"z-index:30;position:relative;\"><a href=\"https:\/\/www.padigitale.it\/urbismart\/io-app-per-i-servizi-on-line-urbi-smart\/\" ><div id=\"1731062996769-8978c9f2-fd9f\" class=\"pix-feature-el text-center \"><div class=\"feature_img \"   style=\"\"><img decoding=\"async\" style=\"width:;height:;\" class=\"img-fluid2 pix-fit-cover2 pix-fit-contain  \" src=\"https:\/\/www.padigitale.it\/urbismart\/wp-content\/uploads\/sites\/2\/2024\/05\/IOApp.png\" alt=\"Integrazione con applicazione IOApp\"><\/div><div class=\"font-weight-bold    \" style=\"color:#495057 !important;font-size:16;\"  >Integrazione con applicazione IOApp<\/div><div class=\"text-text-gray      \" style=\"padding-top:24px;\"  ><\/div><\/div><\/a><\/div><\/div>[\/vc_column][\/vc_row][vc_row pix_particles_check=&#8221;&#8221;][vc_column width=&#8221;1\/4&#8243;]<div class=\"pix-content-box card      vc_custom_1715865269725    rounded-10 shadow-sm shadow-hover-sm bg- text-center  w-100  \"   ><div class=\"\" style=\"z-index:30;position:relative;\"><a href=\"https:\/\/www.padigitale.it\/urbismart\/pagopa-con-urbi-pay\/\" ><div id=\"1715866963707-375f6d1a-a651\" class=\"pix-feature-el text-center \"><div class=\"feature_img \"   style=\"width:150px;height:auto;display:inline-block;position:relative;\"><img decoding=\"async\" style=\"width:150px;height:150px;\" class=\"img-fluid2 pix-fit-cover2 pix-fit-contain  \" src=\"https:\/\/www.padigitale.it\/urbismart\/wp-content\/uploads\/sites\/2\/2024\/05\/UrbiPay_RGB.png\" alt=\"Pago PA con Urbi Pay\"><\/div><div class=\"font-weight-bold    \" style=\"padding-top:10px;color:#495057 !important;font-size:16;\"  >Pago PA con Urbi Pay<\/div><div class=\"text-text-gray      \" style=\"padding-top:20px;\"  ><\/div><\/div><\/a><\/div><\/div>[\/vc_column][vc_column width=&#8221;1\/4&#8243;]<div class=\"pix-content-box card      vc_custom_1715865269725    rounded-10 shadow-sm shadow-hover-sm bg- text-center  w-100  \"   ><div class=\"\" style=\"z-index:30;position:relative;\"><a href=\"https:\/\/www.padigitale.it\/urbismart\/documenti-informatici-e-conservazione-soluzioni-e-servizi-per-gli-enti\/\" ><div id=\"1715866484993-f2586377-0db0\" class=\"pix-feature-el text-center \"><div class=\"feature_img \"   style=\"width:150px;height:auto;display:inline-block;position:relative;\"><img decoding=\"async\" style=\"width:150px;height:150px;\" class=\"img-fluid2 pix-fit-cover2 pix-fit-contain  \" src=\"https:\/\/www.padigitale.it\/urbismart\/wp-content\/uploads\/sites\/2\/2024\/05\/CDAN-RGB.png\" alt=\"Documenti informatici e conservazione\"><\/div><div class=\"font-weight-bold    \" style=\"color:#495057 !important;font-size:16;\"  >Documenti informatici e conservazione<\/div><div class=\"text-text-gray      \" style=\"padding-top:5px;\"  ><\/div><\/div><\/a><\/div><\/div>[\/vc_column][vc_column width=&#8221;1\/4&#8243;]<div class=\"pix-content-box card      vc_custom_1715865269725    rounded-10 shadow-sm shadow-hover-sm bg- text-center  w-100  \"   ><div class=\"\" style=\"z-index:30;position:relative;\"><a href=\"https:\/\/www.padigitale.it\/urbismart\/strategia-cloud-italia-con-urbi-smart\/\" ><div id=\"1715866485078-ae4975bb-a8d9\" class=\"pix-feature-el text-center \"><div class=\"feature_img \"   style=\"\"><img decoding=\"async\" style=\"width:;height:;\" class=\"img-fluid2 pix-fit-cover2 pix-fit-contain  \" src=\"https:\/\/www.padigitale.it\/urbismart\/wp-content\/uploads\/sites\/2\/2024\/05\/Cloud.png\" alt=\"Strategia Cloud Italia\"><\/div><div class=\"font-weight-bold    \" style=\"padding-top:25px;color:#495057 !important;font-size:16;\"  >Strategia Cloud Italia<\/div><div class=\"text-text-gray      \" style=\"padding-top:35px;\"  ><\/div><\/div><\/a><\/div><\/div>[\/vc_column][vc_column width=&#8221;1\/4&#8243;]<div class=\"pix-content-box card      vc_custom_1722436166972    rounded-10 shadow-sm shadow-hover-sm bg- text-center  w-100  \"   ><div class=\"\" style=\"z-index:30;position:relative;\"><a href=\"https:\/\/www.padigitale.it\/urbismart\/sistemi-di-identita-digitale-spid-e-cie\/\" ><div id=\"1715858504595-10b046cb-8337\" class=\"pix-feature-el text-center \"><div class=\"feature_img \"   style=\"\"><img decoding=\"async\" style=\"width:;height:;\" class=\"img-fluid2 pix-fit-cover2 pix-fit-contain  \" src=\"https:\/\/www.padigitale.it\/urbismart\/wp-content\/uploads\/sites\/2\/2024\/05\/CIE.png\" alt=\"Identit\u00e0 digitale SPID e CIE\"><\/div><div class=\"font-weight-bold    \" style=\"padding-top:25px;color:#495057 !important;font-size:16;\"  >Identit\u00e0 digitale SPID e CIE<\/div><div class=\"text-text-gray      \" style=\"padding-top:40px;\"  ><\/div><\/div><\/a><\/div><\/div>[\/vc_column][\/vc_row][vc_row pix_particles_check=&#8221;&#8221;][vc_column]<div id=\"el1715865222112-23856faa-e99d\" class=\"w-100 d-block \"><\/div>[\/vc_column][\/vc_row]<\/p><\/div>","protected":false},"excerpt":{"rendered":"[vc_row pix_particles_check=&#8221;&#8221;][vc_column][vc_column_text] Nato con l\u2019obiettivo di promuovere la trasformazione digitale e i processi produttivi, supportando gli investimenti per l\u2019innovazione del Paese, il PNRR \u00e8 lo strumento che, grazie ai fondi del Next Generation Europe EU (NGEU), prevede un\u2019azione ingente di&#8230;","protected":false},"author":4,"featured_media":0,"parent":0,"menu_order":0,"comment_status":"closed","ping_status":"closed","template":"","meta":{"footnotes":""},"class_list":["post-1053","page","type-page","status-publish","hentry"],"yoast_head":"<!-- This site is optimized with the Yoast SEO plugin v27.4 - https:\/\/yoast.com\/product\/yoast-seo-wordpress\/ -->\n<title>Partner tecnologico PNRR - URBISmart<\/title>\n<meta name=\"robots\" content=\"index, follow, max-snippet:-1, max-image-preview:large, max-video-preview:-1\" \/>\n<link rel=\"canonical\" href=\"https:\/\/www.padigitale.it\/urbismart\/partner-tecnologico-pnrr\/\" \/>\n<meta property=\"og:locale\" content=\"it_IT\" \/>\n<meta property=\"og:type\" content=\"article\" \/>\n<meta property=\"og:title\" content=\"Partner tecnologico PNRR - URBISmart\" \/>\n<meta property=\"og:description\" content=\"[vc_row pix_particles_check=&#8221;&#8221;][vc_column][vc_column_text] Nato con l\u2019obiettivo di promuovere la trasformazione digitale e i processi produttivi, supportando gli investimenti per l\u2019innovazione del Paese, il PNRR \u00e8 lo strumento che, grazie ai fondi del Next Generation Europe EU (NGEU), prevede un\u2019azione ingente di...\" \/>\n<meta property=\"og:url\" content=\"https:\/\/www.padigitale.it\/urbismart\/partner-tecnologico-pnrr\/\" \/>\n<meta property=\"og:site_name\" content=\"URBISmart\" \/>\n<meta property=\"article:modified_time\" content=\"2024-11-08T11:08:27+00:00\" \/>\n<meta name=\"twitter:card\" content=\"summary_large_image\" \/>\n<meta name=\"twitter:label1\" content=\"Tempo di lettura stimato\" \/>\n\t<meta name=\"twitter:data1\" content=\"4 minuti\" \/>\n<script type=\"application\/ld+json\" class=\"yoast-schema-graph\">{\"@context\":\"https:\\\/\\\/schema.org\",\"@graph\":[{\"@type\":\"WebPage\",\"@id\":\"https:\\\/\\\/www.padigitale.it\\\/urbismart\\\/partner-tecnologico-pnrr\\\/\",\"url\":\"https:\\\/\\\/www.padigitale.it\\\/urbismart\\\/partner-tecnologico-pnrr\\\/\",\"name\":\"Partner tecnologico PNRR - URBISmart\",\"isPartOf\":{\"@id\":\"https:\\\/\\\/www.padigitale.it\\\/urbismart\\\/#website\"},\"datePublished\":\"2024-05-16T13:59:19+00:00\",\"dateModified\":\"2024-11-08T11:08:27+00:00\",\"breadcrumb\":{\"@id\":\"https:\\\/\\\/www.padigitale.it\\\/urbismart\\\/partner-tecnologico-pnrr\\\/#breadcrumb\"},\"inLanguage\":\"it-IT\",\"potentialAction\":[{\"@type\":\"ReadAction\",\"target\":[\"https:\\\/\\\/www.padigitale.it\\\/urbismart\\\/partner-tecnologico-pnrr\\\/\"]}]},{\"@type\":\"BreadcrumbList\",\"@id\":\"https:\\\/\\\/www.padigitale.it\\\/urbismart\\\/partner-tecnologico-pnrr\\\/#breadcrumb\",\"itemListElement\":[{\"@type\":\"ListItem\",\"position\":1,\"name\":\"Home\",\"item\":\"https:\\\/\\\/www.padigitale.it\\\/urbismart\\\/\"},{\"@type\":\"ListItem\",\"position\":2,\"name\":\"Partner tecnologico PNRR\"}]},{\"@type\":\"WebSite\",\"@id\":\"https:\\\/\\\/www.padigitale.it\\\/urbismart\\\/#website\",\"url\":\"https:\\\/\\\/www.padigitale.it\\\/urbismart\\\/\",\"name\":\"URBISmart\",\"description\":\"\",\"potentialAction\":[{\"@type\":\"SearchAction\",\"target\":{\"@type\":\"EntryPoint\",\"urlTemplate\":\"https:\\\/\\\/www.padigitale.it\\\/urbismart\\\/?s={search_term_string}\"},\"query-input\":{\"@type\":\"PropertyValueSpecification\",\"valueRequired\":true,\"valueName\":\"search_term_string\"}}],\"inLanguage\":\"it-IT\"}]}<\/script>\n<!-- \/ Yoast SEO plugin. -->","yoast_head_json":{"title":"Partner tecnologico PNRR - URBISmart","robots":{"index":"index","follow":"follow","max-snippet":"max-snippet:-1","max-image-preview":"max-image-preview:large","max-video-preview":"max-video-preview:-1"},"canonical":"https:\/\/www.padigitale.it\/urbismart\/partner-tecnologico-pnrr\/","og_locale":"it_IT","og_type":"article","og_title":"Partner tecnologico PNRR - URBISmart","og_description":"[vc_row pix_particles_check=&#8221;&#8221;][vc_column][vc_column_text] Nato con l\u2019obiettivo di promuovere la trasformazione digitale e i processi produttivi, supportando gli investimenti per l\u2019innovazione del Paese, il PNRR \u00e8 lo strumento che, grazie ai fondi del Next Generation Europe EU (NGEU), prevede un\u2019azione ingente di...","og_url":"https:\/\/www.padigitale.it\/urbismart\/partner-tecnologico-pnrr\/","og_site_name":"URBISmart","article_modified_time":"2024-11-08T11:08:27+00:00","twitter_card":"summary_large_image","twitter_misc":{"Tempo di lettura stimato":"4 minuti"},"schema":{"@context":"https:\/\/schema.org","@graph":[{"@type":"WebPage","@id":"https:\/\/www.padigitale.it\/urbismart\/partner-tecnologico-pnrr\/","url":"https:\/\/www.padigitale.it\/urbismart\/partner-tecnologico-pnrr\/","name":"Partner tecnologico PNRR - URBISmart","isPartOf":{"@id":"https:\/\/www.padigitale.it\/urbismart\/#website"},"datePublished":"2024-05-16T13:59:19+00:00","dateModified":"2024-11-08T11:08:27+00:00","breadcrumb":{"@id":"https:\/\/www.padigitale.it\/urbismart\/partner-tecnologico-pnrr\/#breadcrumb"},"inLanguage":"it-IT","potentialAction":[{"@type":"ReadAction","target":["https:\/\/www.padigitale.it\/urbismart\/partner-tecnologico-pnrr\/"]}]},{"@type":"BreadcrumbList","@id":"https:\/\/www.padigitale.it\/urbismart\/partner-tecnologico-pnrr\/#breadcrumb","itemListElement":[{"@type":"ListItem","position":1,"name":"Home","item":"https:\/\/www.padigitale.it\/urbismart\/"},{"@type":"ListItem","position":2,"name":"Partner tecnologico PNRR"}]},{"@type":"WebSite","@id":"https:\/\/www.padigitale.it\/urbismart\/#website","url":"https:\/\/www.padigitale.it\/urbismart\/","name":"URBISmart","description":"","potentialAction":[{"@type":"SearchAction","target":{"@type":"EntryPoint","urlTemplate":"https:\/\/www.padigitale.it\/urbismart\/?s={search_term_string}"},"query-input":{"@type":"PropertyValueSpecification","valueRequired":true,"valueName":"search_term_string"}}],"inLanguage":"it-IT"}]}},"_links":{"self":[{"href":"https:\/\/www.padigitale.it\/urbismart\/wp-json\/wp\/v2\/pages\/1053","targetHints":{"allow":["GET"]}}],"collection":[{"href":"https:\/\/www.padigitale.it\/urbismart\/wp-json\/wp\/v2\/pages"}],"about":[{"href":"https:\/\/www.padigitale.it\/urbismart\/wp-json\/wp\/v2\/types\/page"}],"author":[{"embeddable":true,"href":"https:\/\/www.padigitale.it\/urbismart\/wp-json\/wp\/v2\/users\/4"}],"replies":[{"embeddable":true,"href":"https:\/\/www.padigitale.it\/urbismart\/wp-json\/wp\/v2\/comments?post=1053"}],"version-history":[{"count":97,"href":"https:\/\/www.padigitale.it\/urbismart\/wp-json\/wp\/v2\/pages\/1053\/revisions"}],"predecessor-version":[{"id":1453,"href":"https:\/\/www.padigitale.it\/urbismart\/wp-json\/wp\/v2\/pages\/1053\/revisions\/1453"}],"wp:attachment":[{"href":"https:\/\/www.padigitale.it\/urbismart\/wp-json\/wp\/v2\/media?parent=1053"}],"curies":[{"name":"wp","href":"https:\/\/api.w.org\/{rel}","templated":true}]}}