{"id":423,"date":"2024-02-19T10:34:15","date_gmt":"2024-02-19T09:34:15","guid":{"rendered":"https:\/\/www.padigitale.it\/urbismart\/?page_id=423"},"modified":"2024-02-19T11:02:03","modified_gmt":"2024-02-19T10:02:03","slug":"diventa-partner","status":"publish","type":"page","link":"https:\/\/www.padigitale.it\/urbismart\/diventa-partner\/","title":{"rendered":"Diventa Partner"},"content":{"rendered":"<div class=\"wpb-content-wrapper\"><p>[vc_row bottom_divider_select=&#8221;dynamic&#8221; bottom_moving_divider_color=&#8221;%5B%7B%22d_color_1%22%3A%22%23f8f9fa%22%2C%22d_color_2%22%3A%22%23f8f9fa%22%7D%5D&#8221; pix_particles_check=&#8221;&#8221;][vc_column]<div class=\"d-inline-block \" ><div class=\"pix-img-el    text-left d-inline-block  w-100 rounded-0\"  ><img loading=\"lazy\" decoding=\"async\" class=\"card-img2 pix-img-elem rounded-0  h-1002\" style=\"height:auto;\" width=\"2560\" height=\"800\" srcset=\"https:\/\/www.padigitale.it\/urbismart\/wp-content\/uploads\/sites\/2\/2024\/02\/AdobeStock_624598573_2-scaled.jpg 2560w, https:\/\/www.padigitale.it\/urbismart\/wp-content\/uploads\/sites\/2\/2024\/02\/AdobeStock_624598573_2-300x94.jpg 300w, https:\/\/www.padigitale.it\/urbismart\/wp-content\/uploads\/sites\/2\/2024\/02\/AdobeStock_624598573_2-1024x320.jpg 1024w, https:\/\/www.padigitale.it\/urbismart\/wp-content\/uploads\/sites\/2\/2024\/02\/AdobeStock_624598573_2-768x240.jpg 768w, https:\/\/www.padigitale.it\/urbismart\/wp-content\/uploads\/sites\/2\/2024\/02\/AdobeStock_624598573_2-1536x480.jpg 1536w, https:\/\/www.padigitale.it\/urbismart\/wp-content\/uploads\/sites\/2\/2024\/02\/AdobeStock_624598573_2-2048x640.jpg 2048w\" sizes=\"auto, (max-width: 2560px) 100vw, 2560px\" src=\"https:\/\/www.padigitale.it\/urbismart\/wp-content\/uploads\/sites\/2\/2024\/02\/AdobeStock_624598573_2-scaled.jpg\" alt=\"Image link\" \/><\/div><\/div>[\/vc_column][\/vc_row][vc_row pix_particles_check=&#8221;&#8221;][vc_column][vc_column_text]<\/p>\r\n<p>&nbsp;<\/p>\r\n<p><strong>Cosa vuol dire essere partner PA Digitale<\/strong><\/p>\r\n\r\n<p>Nel mercato della Pubblica Amministrazione, la vicinanza con il cliente \u00e8 fondamentale.<\/p>\r\n\r\n<p>Per questo, oltre alla propria forza commerciale, PA Digitale si avvale della collaborazione di una rete di Partner altamente qualificata che presidia tutto il territorio nazionale e opera in autonomia sia a livello tecnico che a livello commerciale grazie anche all\u2019esperienza peculiare maturata sul mercato e a specifiche competenze e professionalit\u00e0.<\/p>\r\n\r\n<p>I Dealer, infatti, sono esperti non solo nelle soluzioni URBI Smart, ma conoscono il mondo della PA e le problematiche che contraddistinguono le diverse tipologie di enti cos\u00ec da comprenderne al meglio le necessit\u00e0 dei Clienti e individuare la soluzione pi\u00f9 adeguata.<\/p>\r\n\r\n<p>I partner PA Digitale sono strutture in grado di assistere e supportare i propri Clienti nelle diverse fasi progettuali: dall\u2019analisi delle esigenze dell\u2019ente e, quindi, all\u2019elaborazione di un\u2019offerta o un piano personalizzato, alla definizione delle soluzioni da implementare e dei servizi di avviamento e formazione sino alla consulenza e assistenza nell\u2019utilizzo delle procedure software.<\/p>\r\n\r\n<p>I Partner PA Digitale sono quindi strutture in grado di sviluppare una relazione di valore con il Cliente durevole, che si sviluppa e cresce nel tempo.<\/p>\r\n\r\n<p>\u00a0<\/p>\r\n\r\n<p><strong>I vantaggi di essere Partner PA Digitale<\/strong><\/p>\r\n\r\n<p><strong>Trasparenza nei rapporti<\/strong>: la rete di vendita \u00e8 al centro di una politica distributiva coerente e senza sorprese.<\/p>\r\n\r\n<p><strong>Ampiezza dell&#8217;offerta<\/strong>: l\u2019offerta ampia di soluzioni software e servizi, funzionalmente completa ed integrata permette ai Partner di essere a fianco degli enti percependone ed anticipandone i bisogni.<\/p>\r\n\r\n<p><strong>Innovazione<\/strong>: lo spirito d&#8217;innovazione e il continuo sviluppo consentono di realizzare soluzioni che permettono ai Partner di disporre sempre della miglior offerta sul mercato e di entrare in nuovi business altamente competitivi.<\/p>\r\n\r\n<p><strong>Attenzione e collaborazione<\/strong>: la rete di vendita viene costantemente affiancata nello sviluppo del business, dalla fase formativa al supporto commerciale, dalle attivit\u00e0 di supporto marketing all&#8217;assistenza tecnica qualificata.<\/p>\r\n\r\n<p><strong>Formazione e aggiornamento<\/strong>: in un settore in cui le evoluzioni tecnologiche, applicative e normative si susseguono con estrema rapidit\u00e0, la formazione rappresenta un elemento fondamentale; a tale scopo, PA Digitale supporta i partner con appuntamenti formativi e di approfondimento sulle diverse tematiche, scadenzati sia in base alla normativa e alle scadenze previste per gli enti, che conseguenti gli sviluppi delle soluzioni software del sistema URBI Smart.<\/p>\r\n\r\n<p><strong>Assistenza diretta<\/strong>: le informazioni dedicate ai Partner sono consultabili in qualsiasi momento tramite un\u2019area con accesso riservato in cui viene condivisa tutta la documentazione commerciale e tecnica di prodotto unitamente al materiale marketing di supporto all&#8217;attivit\u00e0 commerciale e tecnica.<\/p>\r\n\r\n<p><strong>Affiancamento commerciale e assistenza tecnica<\/strong> tempestiva e qualificata grazie al canale dedicato.<\/p>\r\n\r\n<p><strong>Supporto marketing<\/strong> nella pianificazione e realizzazione di attivit\u00e0 finalizzate alla promozione delle soluzioni sul territorio, alla generazione di lead e alla fidelizzazione dei Clienti acquisiti.<\/p>\r\n\r\n<p>\u00a0<\/p>\r\n\r\n<p><strong><a href=\"https:\/\/www.padigitale.it\/richiedi-informazioni\/\">Scrivici per chiedere u<\/a><a href=\"https:\/\/www.padigitale.it\/richiedi-informazioni\/\" target=\"_blank\" rel=\"noreferrer noopener\">n contatto senza impegno!<\/a><\/strong><\/p>\r\n\r\n<p>&nbsp;<\/p>\r\n<p>[\/vc_column_text][\/vc_column][\/vc_row]<\/p><\/div>","protected":false},"excerpt":{"rendered":"[vc_row bottom_divider_select=&#8221;dynamic&#8221; bottom_moving_divider_color=&#8221;%5B%7B%22d_color_1%22%3A%22%23f8f9fa%22%2C%22d_color_2%22%3A%22%23f8f9fa%22%7D%5D&#8221; pix_particles_check=&#8221;&#8221;][vc_column][\/vc_column][\/vc_row][vc_row pix_particles_check=&#8221;&#8221;][vc_column][vc_column_text] &nbsp; Cosa vuol dire essere partner PA Digitale Nel mercato della Pubblica Amministrazione, la vicinanza con il cliente \u00e8 fondamentale. Per questo, oltre alla propria forza commerciale, PA Digitale si avvale della collaborazione di una&#8230;","protected":false},"author":4,"featured_media":0,"parent":0,"menu_order":0,"comment_status":"closed","ping_status":"closed","template":"","meta":{"footnotes":""},"class_list":["post-423","page","type-page","status-publish","hentry"],"yoast_head":"<!-- This site is optimized with the Yoast SEO plugin v27.4 - https:\/\/yoast.com\/product\/yoast-seo-wordpress\/ -->\n<title>Diventa Partner - URBISmart<\/title>\n<meta name=\"robots\" content=\"index, follow, max-snippet:-1, max-image-preview:large, max-video-preview:-1\" \/>\n<link rel=\"canonical\" href=\"https:\/\/www.padigitale.it\/urbismart\/diventa-partner\/\" \/>\n<meta property=\"og:locale\" content=\"it_IT\" \/>\n<meta property=\"og:type\" content=\"article\" \/>\n<meta property=\"og:title\" content=\"Diventa Partner - URBISmart\" \/>\n<meta property=\"og:description\" content=\"[vc_row bottom_divider_select=&#8221;dynamic&#8221; bottom_moving_divider_color=&#8221;%5B%7B%22d_color_1%22%3A%22%23f8f9fa%22%2C%22d_color_2%22%3A%22%23f8f9fa%22%7D%5D&#8221; pix_particles_check=&#8221;&#8221;][vc_column][\/vc_column][\/vc_row][vc_row pix_particles_check=&#8221;&#8221;][vc_column][vc_column_text] &nbsp; Cosa vuol dire essere partner PA Digitale Nel mercato della Pubblica Amministrazione, la vicinanza con il cliente \u00e8 fondamentale. Per questo, oltre alla propria forza commerciale, PA Digitale si avvale della collaborazione di una...\" \/>\n<meta property=\"og:url\" content=\"https:\/\/www.padigitale.it\/urbismart\/diventa-partner\/\" \/>\n<meta property=\"og:site_name\" content=\"URBISmart\" \/>\n<meta property=\"article:modified_time\" content=\"2024-02-19T10:02:03+00:00\" \/>\n<meta name=\"twitter:card\" content=\"summary_large_image\" \/>\n<meta name=\"twitter:label1\" content=\"Tempo di lettura stimato\" \/>\n\t<meta name=\"twitter:data1\" content=\"3 minuti\" \/>\n<script type=\"application\/ld+json\" class=\"yoast-schema-graph\">{\"@context\":\"https:\\\/\\\/schema.org\",\"@graph\":[{\"@type\":\"WebPage\",\"@id\":\"https:\\\/\\\/www.padigitale.it\\\/urbismart\\\/diventa-partner\\\/\",\"url\":\"https:\\\/\\\/www.padigitale.it\\\/urbismart\\\/diventa-partner\\\/\",\"name\":\"Diventa Partner - URBISmart\",\"isPartOf\":{\"@id\":\"https:\\\/\\\/www.padigitale.it\\\/urbismart\\\/#website\"},\"datePublished\":\"2024-02-19T09:34:15+00:00\",\"dateModified\":\"2024-02-19T10:02:03+00:00\",\"breadcrumb\":{\"@id\":\"https:\\\/\\\/www.padigitale.it\\\/urbismart\\\/diventa-partner\\\/#breadcrumb\"},\"inLanguage\":\"it-IT\",\"potentialAction\":[{\"@type\":\"ReadAction\",\"target\":[\"https:\\\/\\\/www.padigitale.it\\\/urbismart\\\/diventa-partner\\\/\"]}]},{\"@type\":\"BreadcrumbList\",\"@id\":\"https:\\\/\\\/www.padigitale.it\\\/urbismart\\\/diventa-partner\\\/#breadcrumb\",\"itemListElement\":[{\"@type\":\"ListItem\",\"position\":1,\"name\":\"Home\",\"item\":\"https:\\\/\\\/www.padigitale.it\\\/urbismart\\\/\"},{\"@type\":\"ListItem\",\"position\":2,\"name\":\"Diventa Partner\"}]},{\"@type\":\"WebSite\",\"@id\":\"https:\\\/\\\/www.padigitale.it\\\/urbismart\\\/#website\",\"url\":\"https:\\\/\\\/www.padigitale.it\\\/urbismart\\\/\",\"name\":\"URBISmart\",\"description\":\"\",\"potentialAction\":[{\"@type\":\"SearchAction\",\"target\":{\"@type\":\"EntryPoint\",\"urlTemplate\":\"https:\\\/\\\/www.padigitale.it\\\/urbismart\\\/?s={search_term_string}\"},\"query-input\":{\"@type\":\"PropertyValueSpecification\",\"valueRequired\":true,\"valueName\":\"search_term_string\"}}],\"inLanguage\":\"it-IT\"}]}<\/script>\n<!-- \/ Yoast SEO plugin. -->","yoast_head_json":{"title":"Diventa Partner - URBISmart","robots":{"index":"index","follow":"follow","max-snippet":"max-snippet:-1","max-image-preview":"max-image-preview:large","max-video-preview":"max-video-preview:-1"},"canonical":"https:\/\/www.padigitale.it\/urbismart\/diventa-partner\/","og_locale":"it_IT","og_type":"article","og_title":"Diventa Partner - URBISmart","og_description":"[vc_row bottom_divider_select=&#8221;dynamic&#8221; bottom_moving_divider_color=&#8221;%5B%7B%22d_color_1%22%3A%22%23f8f9fa%22%2C%22d_color_2%22%3A%22%23f8f9fa%22%7D%5D&#8221; pix_particles_check=&#8221;&#8221;][vc_column][\/vc_column][\/vc_row][vc_row pix_particles_check=&#8221;&#8221;][vc_column][vc_column_text] &nbsp; Cosa vuol dire essere partner PA Digitale Nel mercato della Pubblica Amministrazione, la vicinanza con il cliente \u00e8 fondamentale. Per questo, oltre alla propria forza commerciale, PA Digitale si avvale della collaborazione di una...","og_url":"https:\/\/www.padigitale.it\/urbismart\/diventa-partner\/","og_site_name":"URBISmart","article_modified_time":"2024-02-19T10:02:03+00:00","twitter_card":"summary_large_image","twitter_misc":{"Tempo di lettura stimato":"3 minuti"},"schema":{"@context":"https:\/\/schema.org","@graph":[{"@type":"WebPage","@id":"https:\/\/www.padigitale.it\/urbismart\/diventa-partner\/","url":"https:\/\/www.padigitale.it\/urbismart\/diventa-partner\/","name":"Diventa Partner - URBISmart","isPartOf":{"@id":"https:\/\/www.padigitale.it\/urbismart\/#website"},"datePublished":"2024-02-19T09:34:15+00:00","dateModified":"2024-02-19T10:02:03+00:00","breadcrumb":{"@id":"https:\/\/www.padigitale.it\/urbismart\/diventa-partner\/#breadcrumb"},"inLanguage":"it-IT","potentialAction":[{"@type":"ReadAction","target":["https:\/\/www.padigitale.it\/urbismart\/diventa-partner\/"]}]},{"@type":"BreadcrumbList","@id":"https:\/\/www.padigitale.it\/urbismart\/diventa-partner\/#breadcrumb","itemListElement":[{"@type":"ListItem","position":1,"name":"Home","item":"https:\/\/www.padigitale.it\/urbismart\/"},{"@type":"ListItem","position":2,"name":"Diventa Partner"}]},{"@type":"WebSite","@id":"https:\/\/www.padigitale.it\/urbismart\/#website","url":"https:\/\/www.padigitale.it\/urbismart\/","name":"URBISmart","description":"","potentialAction":[{"@type":"SearchAction","target":{"@type":"EntryPoint","urlTemplate":"https:\/\/www.padigitale.it\/urbismart\/?s={search_term_string}"},"query-input":{"@type":"PropertyValueSpecification","valueRequired":true,"valueName":"search_term_string"}}],"inLanguage":"it-IT"}]}},"_links":{"self":[{"href":"https:\/\/www.padigitale.it\/urbismart\/wp-json\/wp\/v2\/pages\/423","targetHints":{"allow":["GET"]}}],"collection":[{"href":"https:\/\/www.padigitale.it\/urbismart\/wp-json\/wp\/v2\/pages"}],"about":[{"href":"https:\/\/www.padigitale.it\/urbismart\/wp-json\/wp\/v2\/types\/page"}],"author":[{"embeddable":true,"href":"https:\/\/www.padigitale.it\/urbismart\/wp-json\/wp\/v2\/users\/4"}],"replies":[{"embeddable":true,"href":"https:\/\/www.padigitale.it\/urbismart\/wp-json\/wp\/v2\/comments?post=423"}],"version-history":[{"count":3,"href":"https:\/\/www.padigitale.it\/urbismart\/wp-json\/wp\/v2\/pages\/423\/revisions"}],"predecessor-version":[{"id":430,"href":"https:\/\/www.padigitale.it\/urbismart\/wp-json\/wp\/v2\/pages\/423\/revisions\/430"}],"wp:attachment":[{"href":"https:\/\/www.padigitale.it\/urbismart\/wp-json\/wp\/v2\/media?parent=423"}],"curies":[{"name":"wp","href":"https:\/\/api.w.org\/{rel}","templated":true}]}}